{"id":37,"date":"2023-10-21T19:34:02","date_gmt":"2023-10-21T19:34:02","guid":{"rendered":"https:\/\/windelreich.ch\/?page_id=37"},"modified":"2023-10-21T20:00:51","modified_gmt":"2023-10-21T20:00:51","slug":"hallo-liebe-mama-lieber-papa","status":"publish","type":"page","link":"https:\/\/windelreich.ch\/","title":{"rendered":"Hallo liebe Mama, lieber Papa!"},"content":{"rendered":"\n<div class=\"wp-block-columns is-layout-flex wp-container-core-columns-is-layout-28f84493 wp-block-columns-is-layout-flex\">\n<div class=\"wp-block-column is-layout-flow wp-block-column-is-layout-flow\" style=\"flex-basis:33.33%\">\n<figure class=\"wp-block-image size-large\"><img loading=\"lazy\" decoding=\"async\" width=\"768\" height=\"1024\" src=\"https:\/\/windelreich.ch\/wp-content\/uploads\/2023\/10\/PXL_20230920_1240316862-768x1024.jpg\" alt=\"\" class=\"wp-image-44\" srcset=\"https:\/\/windelreich.ch\/wp-content\/uploads\/2023\/10\/PXL_20230920_1240316862-768x1024.jpg 768w, https:\/\/windelreich.ch\/wp-content\/uploads\/2023\/10\/PXL_20230920_1240316862-225x300.jpg 225w, https:\/\/windelreich.ch\/wp-content\/uploads\/2023\/10\/PXL_20230920_1240316862-1152x1536.jpg 1152w, https:\/\/windelreich.ch\/wp-content\/uploads\/2023\/10\/PXL_20230920_1240316862-1536x2048.jpg 1536w, https:\/\/windelreich.ch\/wp-content\/uploads\/2023\/10\/PXL_20230920_1240316862-scaled.jpg 1920w\" sizes=\"auto, (max-width: 768px) 100vw, 768px\" \/><\/figure>\n<\/div>\n\n\n\n<div class=\"wp-block-column is-layout-flow wp-block-column-is-layout-flow\" style=\"flex-basis:66.66%\">\n<p>Sch\u00f6n, dass du hierher gefunden hast!<\/p>\n\n\n\n<p>Mein Name ist Ana. Ich bin Mama von drei wundervollen Kindern und durfte mit meinem J\u00fcngsten in das Reich der Stoffwindeln eintauchen. Anfangs war ich froh, eine Beraterin zur Seite zu haben, die mich mit ihren Tipps und Tricks unterst\u00fctzte. So wurde aus der anf\u00e4nglichen Informationsflut Freude beim Wickeln. Da ich diese Freude auch mit dir teilen m\u00f6chte, habe ich mich zur Beraterin weitergebildet.<\/p>\n\n\n\n<p>Gerne berate und unterst\u00fctze ich dich auf deinem Weg ins Windelreich und wieder hinaus. \ud83d\ude09<\/p>\n\n\n\n<p>Schau dich um und z\u00f6gere nicht, dich mit Fragen direkt an mich zu wenden.<\/p>\n\n\n\n<p>Viel Spass!<\/p>\n<\/div>\n<\/div>\n\n\n\n<p><\/p>\n\n\n\n<p><\/p>\n","protected":false},"excerpt":{"rendered":"<p>Sch\u00f6n, dass du hierher gefunden hast! Mein Name ist Ana. Ich bin Mama von drei wundervollen Kindern und durfte mit meinem J\u00fcngsten in das Reich der Stoffwindeln eintauchen. Anfangs war ich froh, eine Beraterin zur Seite zu haben, die mich mit ihren Tipps und Tricks unterst\u00fctzte. So wurde aus der anf\u00e4nglichen Informationsflut Freude beim Wickeln. [&hellip;]<\/p>\n","protected":false},"author":2,"featured_media":0,"parent":0,"menu_order":0,"comment_status":"closed","ping_status":"closed","template":"","meta":{"footnotes":""},"class_list":["post-37","page","type-page","status-publish","hentry"],"_links":{"self":[{"href":"https:\/\/windelreich.ch\/index.php?rest_route=\/wp\/v2\/pages\/37","targetHints":{"allow":["GET"]}}],"collection":[{"href":"https:\/\/windelreich.ch\/index.php?rest_route=\/wp\/v2\/pages"}],"about":[{"href":"https:\/\/windelreich.ch\/index.php?rest_route=\/wp\/v2\/types\/page"}],"author":[{"embeddable":true,"href":"https:\/\/windelreich.ch\/index.php?rest_route=\/wp\/v2\/users\/2"}],"replies":[{"embeddable":true,"href":"https:\/\/windelreich.ch\/index.php?rest_route=%2Fwp%2Fv2%2Fcomments&post=37"}],"version-history":[{"count":3,"href":"https:\/\/windelreich.ch\/index.php?rest_route=\/wp\/v2\/pages\/37\/revisions"}],"predecessor-version":[{"id":45,"href":"https:\/\/windelreich.ch\/index.php?rest_route=\/wp\/v2\/pages\/37\/revisions\/45"}],"wp:attachment":[{"href":"https:\/\/windelreich.ch\/index.php?rest_route=%2Fwp%2Fv2%2Fmedia&parent=37"}],"curies":[{"name":"wp","href":"https:\/\/api.w.org\/{rel}","templated":true}]}}

<div class="wp-block-columns is-layout-flex wp-container-core-columns-is-layout-28f84493 wp-block-columns-is-layout-flex">
<div class="wp-block-column is-layout-flow wp-block-column-is-layout-flow" style="flex-basis:33.33%">
<figure class="wp-block-image size-large"><img loading="lazy" decoding="async" width="768" height="1024" src="https://windelreich.ch/wp-content/uploads/2023/10/PXL_20230920_1240316862-768x1024.jpg" alt="" class="wp-image-44" srcset="https://windelreich.ch/wp-content/uploads/2023/10/PXL_20230920_1240316862-768x1024.jpg 768w, https://windelreich.ch/wp-content/uploads/2023/10/PXL_20230920_1240316862-225x300.jpg 225w, https://windelreich.ch/wp-content/uploads/2023/10/PXL_20230920_1240316862-1152x1536.jpg 1152w, https://windelreich.ch/wp-content/uploads/2023/10/PXL_20230920_1240316862-1536x2048.jpg 1536w, https://windelreich.ch/wp-content/uploads/2023/10/PXL_20230920_1240316862-scaled.jpg 1920w" sizes="auto, (max-width: 768px) 100vw, 768px" /></figure>
</div>



<div class="wp-block-column is-layout-flow wp-block-column-is-layout-flow" style="flex-basis:66.66%">
<p>Schön, dass du hierher gefunden hast!</p>



<p>Mein Name ist Ana. Ich bin Mama von drei wundervollen Kindern und durfte mit meinem Jüngsten in das Reich der Stoffwindeln eintauchen. Anfangs war ich froh, eine Beraterin zur Seite zu haben, die mich mit ihren Tipps und Tricks unterstützte. So wurde aus der anfänglichen Informationsflut Freude beim Wickeln. Da ich diese Freude auch mit dir teilen möchte, habe ich mich zur Beraterin weitergebildet.</p>



<p>Gerne berate und unterstütze ich dich auf deinem Weg ins Windelreich und wieder hinaus. 😉</p>



<p>Schau dich um und zögere nicht, dich mit Fragen direkt an mich zu wenden.</p>



<p>Viel Spass!</p>
</div>
</div>



<p></p>



<p></p>

<p>Schön, dass du hierher gefunden hast! Mein Name ist Ana. Ich bin Mama von drei wundervollen Kindern und durfte mit meinem Jüngsten in das Reich der Stoffwindeln eintauchen. Anfangs war ich froh, eine Beraterin zur Seite zu haben, die mich mit ihren Tipps und Tricks unterstützte. So wurde aus der anfänglichen Informationsflut Freude beim Wickeln. [&hellip;]</p>
